ate q(16).
-6
Let r(t) = t**2 + 2*t + 1. Calculate r(2).
9
Let v(l) = -l**3 - 4*l**2 - 4*l - 1. Determine v(-3).
2
Let n(q) = -6*q + 54. Give n(10).
-6
Let a(k) = 3*k + 108. Give a(-20).
48
Let a(x) = 21*x**2 + 7*x + 5. Calculate a(-1).
19
Let n(h) = 10*h - 4. Give n(-1).
-14
Let p(c) = -3*c - 67. What is p(-15)?
-22
Let x(s) = -s**2 - 2*s + 3. Calculate x(-6).
-21
Let s(g) = -g**3 + 27*g**2 + 2*g - 18. Give s(27).
36
Let f(v) = 2*v**3 - 8*v**2 + 2*v + 12. Determine f(5).
72
Let b(k) = -25*k - 154. Determine b(-6).
-4
Let j(b) = -b**3 - 5*b**2 - 5*b + 2. Calculate j(-4).
6
Let o(d) = -5*d + 11. Determine o(5).
-14
Let p(s) = 7*s**2 - s - 3. Give p(2).
23
Let f(m) = -m**2 + 11*m - 3. Determine f(6).
27
Let h(i) = 2*i**3 + 13*i**2 - 6*i - 12. Determine h(-7).
-19
Let g(y) = 6*y + 23. Give g(-11).
-43
Let z(o) = -2*o**3 + 12*o**2 - 12*o + 16. What is z(5)?
6
Let c(n) = -n - 64. What is c(9)?
-73
Let g(z) = -4*z - 6. Calculate g(-9).
30
Let g(n) = 4*n + 36. Give g(-8).
4
Let a(q) = -2*q + 26. Determine a(13).
0
Let k(a) = 7*a - 1. Determine k(2).
13
Let i(o) = o**2 - 66*o + 367. What is i(6)?
7
Let q(r) = -r**2 - 8*r - 12. What is q(-6)?
0
Let g(p) = -p**3 + 6*p**2 - 3*p - 1. Determine g(6).
-19
Let i(f) = 4*f**2 + 16*f - 5. Give i(-4).
-5
Let u(m) = -2*m - 13. Calculate u(0).
-13
Let j(y) = -23*y - 1119. Give j(-49).
8
Let z(f) = -f**3 - 4*f**2 - 2*f - 2. Give z(-4).
6
Let f(l) = l**3 - 9*l**2 + 24*l - 10. Determine f(5).
10
Let j(g) = -g**2 - 16*g + 23. Calculate j(-17).
6
Let v(k) = k**3 + 6*k**2 + 5*k + 10. Give v(-6).
-20
Let a(s) = s**3 - 3*s**2 + 2*s + 2. What is a(4)?
26
Let u(g) = -10*g - 22. What is u(-3)?
8
Let g(y) = 112*y - 105. Calculate g(1).
7
Let o(h) = -2*h**2 - 11*h + 5. Give o(-5).
10
Let m(h) = h**2 - 21*h + 134. Calculate m(7).
36
Let l(r) = 5*r**2 + 27*r + 9. Determine l(-5).
-1
Let y(p) = -p**3 - 10*p**2 + p - 26. What is y(-11)?
84
Let w(p) = 3*p**3 - 9*p**2 - 5*p - 10. Give w(4).
18
Let f(m) = 5*m**3 + m**2 + 3. What is f(2)?
47
Let m(j) = -j + 4. Give m(-6).
10
Let k(i) = 7*i + 77. Give k(-12).
-7
Let o(f) = -78*f**2 + 2*f + 1. What is o(-1)?
-79
Let f(v) = -5*v**3 - v**2 - 6*v - 14. What is f(-2)?
34
Let h(w) = -w**2 + 32*w + 252. Calculate h(38).
24
Let p(s) = 2*s**2 - 11*s - 67. Calculate p(-4).
9
Let n(m) = -2*m**2 - 54*m + 3. What is n(-27)?
3
Let c(p) = 2*p**2 + 31*p + 44. Give c(-14).
2
Let w(s) = 65*s**3 + s**2 - 2*s + 1. Determine w(1).
65
Let v(i) = -8*i + 68. Give v(13).
-36
Let s(b) = b**3 + 30*b**2 + 26*b - 92. Determine s(-29).
-5
Let m(k) = 3*k**2 - 2*k - 2. Determine m(2).
6
Let s(c) = 2*c**3 + 2*c**2 - 2*c. What is s(-2)?
-4
Let d(p) = -10*p + 14. Calculate d(0).
14
Let i(m) = m**2 + 5*m - 13. Calculate i(-6).
-7
Let o(q) = -4*q - 9. Give o(-5).
11
Let q(m) = 20*m + 85. Give q(-4).
5
Let u(o) = 6*o + 82. Calculate u(-14).
-2
Let a(h) = -h**3 - 6*h**2 - 4*h - 7. Determine a(-6).
17
Let d(x) = x**3 + 5*x**2 + 2*x - 7. What is d(-3)?
5
Let r(n) = -n**3 + 21*n**2 + 21*n + 2. Determine r(22).
-20
Let w(r) = -r - 1. Determine w(-17).
16
Let p(i) = -3*i**3 + 6*i**2 - 4*i - 8. What is p(4)?
-120
Let l(h) = -h**3 - 15*h**2 - 14*h + 9. Calculate l(-14).
9
Let o(x) = x**3 + 6*x**2 - 7*x. Calculate o(-7).
0
Let n(c) = 3*c + 21. What is n(-11)?
-12
Let a(o) = -o**2 - 8*o. Calculate a(-7).
7
Let v(c) = -3*c**2 - 4*c + 19. Give v(3).
-20
Let z(i) = i**3 - 2*i - 2. Calculate z(0).
-2
Let s(h) = 12*h + 375. Give s(-31).
3
Let h(k) = -k - 22. Calculate h(-13).
-9
Let k(p) = -p**3 + 3*p**2 + 20*p - 42. Give k(2).
2
Let q(v) = 2*v - 5. Give q(5).
5
Let z(k) = k**3 + 8*k**2 - 2*k - 1. What is z(-8)?
15
Let v(l) = -l**2 - 2*l + 1. Calculate v(2).
-7
Let w(s) = 12*s + 2. Calculate w(1).
14
Let r(m) = -m**2 + 2*m + 25. Give r(7).
-10
Let i(m) = 3*m + 5. What is i(2)?
11
Let j(u) = u**3 + 6*u**2 + 16*u + 9. Give j(-2).
-7
Let n(r) = -r**2 - 9*r - 9. Give n(-9).
-9
Let j(i) = 2*i**2 + 4. What is j(3)?
22
Let k(i) = -i**3 + 3*i**2 + i - 1. Calculate k(3).
2
Let z(k) = -k**3 - 30*k**2 - 30*k - 24. Determine z(-29).
5
Let w(g) = g**3 - 9*g**2 + 15*g + 17. What is w(7)?
24
Let m(c) = -c**3 + 6*c**2 + 2*c - 19. What is m(5)?
16
Let n(x) = x**2 + 13*x + 25. What is n(-10)?
-5
Let x(r) = r**3 + 5*r**2 - 13*r + 7. Calculate x(-7).
0
Let u(d) = 16*d + 3. What is u(-1)?
-13
Let w(d) = d**2 + 7*d + 1. What is w(-8)?
9
Let n(p) = 91*p - 19. Calculate n(2).
163
Let l(r) = r**3 + 6*r**2 - 3*r + 6. Calculate l(-6).
24
Let m(v) = 2*v**2 + 3*v + 4. Determine m(3).
31
Let o(l) = 3*l**3 + 3*l**2 - 1. Determine o(-1).
-1
Let s(v) = -v**3 + 5*v**2 - 10*v - 10. Determine s(5).
-60
Let d(a) = -10*a + 26. What is d(-6)?
86
Let q(y) = -y**2 - 5*y + 20. What is q(-11)?
-46
Let l(w) = -w**3 + 5*w**2 + 10*w - 10. Calculate l(6).
14
Let p(q) = -2*q + 4. Give p(-8).
20
Let t(h) = h**3 - 15*h**2 + 50*h + 6. What is t(5)?
6
Let y(b) = b**3 + 9*b**2 - 2*b + 3. Give y(-10).
-77
Let n(o) = o**3 - 22*o**2 + 20*o + 4. Determine n(21).
-17
Let o(y) = y**3 + 11*y**2 - 21*y + 32. Give o(-13).
-33
Let u(k) = -k**3 - 18*k**2 + 4*k + 78. Determine u(-18).
6
Let n(x) = -7*x - 6. Give n(-5).
29
Let v(j) = -j**2 - 7. Determine v(-7).
-56
Let v(m) = -90*m + 644. Calculate v(7).
14
Let k(f) = f**3 - 5*f**2 + 2*f - 4. Determine k(5).
6
Let v(w) = -w**2 + 3*w + 6. Determine v(2).
8
Let c(n) = n**2 + n + 1. Give c(-2).
3
Let k(h) = 5*h + 144. What is k(-31)?
-11
Let q(m) = m**3 + 8*m**2 + 17*m + 68. Determine q(-7).
-2
Let j(u) = 15*u + 1. Give j(2).
31
Let w(s) = -s**2 - 23*s + 141. Calculate w(-25).
91
Let w(j) = j**3 - 8*j**2 + 14*j + 2. What is w(5)?
-3
Let i(x) = x**2 - 9*x - 52. Calculate i(13).
0
Let y(n) = -8*n + 25. Determine y(2).
9
Let z(t) = -t**2 + 7*t + 82. Calculate z(-6).
4
Let r(c) = c**2 + 24*c - 68. Calculate r(-27).
13
Let g(a) = -a**2 - 11*a - 26. Determine g(-6).
4
Let q(i) = 11*i + 49. Calculate q(-5).
-6
Let b(z) = 9*z + 2. Calculate b(-5).
-43
Let v(r) = r - 2. Determine v(7).
5
Let y(u) = u**2 + 10*u - 9. Determine y(-11).
2
Let l(k) = k**2 + k. Give l(1).
2
Let b(y) = -y**3 - 5*y**2 + 5*y - 1. Calculate b(-4).
-37
Let u(h) = -h**2 - 7*h - 3. Give u(-5).
7
Let f(l) = -l**2 + 29*l - 24. What is f(28)?
4
Let y(t) = -t - 11. Determine y(-11).
0
Let g(y) = 2*y**2 + 4*y + 1. What is g(-3)?
7
Let o(l) = -15*l - 5. What is o(4)?
-65
Let a(n) = 2*n - 18. What is a(9)?
0
Let i(y) = -y**3 - 3*y**2 + 3*y + 5. Determine i(-4).
9
Let y(u) = -u**3 + 7*u**2 + 11*u + 4. Calculate y(8).
28
Let n(a) = -a**3 + 20*a**2 + 19*a + 44. What is n(21)?
2
Let r(x) = x**2 + 5*x + 13. Calculate r(-6).
19
Let q(i) = 19*i**2 + 8*i + 1. Give q(-1).
12
Let p(f) = 4*f - 78. Determine p(17).
-10
Let d(h) = -3*h**3 + 1. Determine d(-1).
4
Let a(g) = -g**3 + 4*g**2 + 10*g + 10. Give a(6).
-2
Let i(v) = v**2 + 10*v - 15. Calculate i(-11).
-4
Let l(t) = -7*t**2 + t. Determine l(1).
-6
Let u(a) = -a**2 + 3. Give u(0).
3
Let i(b) = b - 7. Determine i(4).
-3
Let r(s) = -s**3 - 14*s**2 + 30*s - 36. What is r(-16)?
-4
Let u(l) = 5*l**2 - 2. What is u(2)?
18
Let u(f) = -f**2 - 5*f - 12. Determine u(-6).
-18
Let w(n) = -3*n - 2. Give w(5).
-17
Let d(h) = -2*h + 27. Determine d(11).
5
Let o(n) = -40*n + 76. What is o(2)?
-4
Let b(k) = -47*k - 1. Determine b(-1).
46
Let r(a) = a**3 + 6*a**2 - 5*a - 11. Calculate r(-6).
19
Let a(u) = -2*u**2 + 2*u. Give a(-1).
-4
Let l(b) = -b**3 - 40*b**2 + 47*b + 253. What is l(-41)?
7
Let n(c) = 2*c + 5. Calculate n(2).
9
Let x(m) = 3*m - 14. Determine x(-8).
-38
Let a(i) = i**3 - 3*i**2 + 4*i - 11. Give a(4).
21
Let d(s) = s**3 - 15*s**2 + 21. What is d(15)?
21
Let l(q) = -q**3 - 20*q**2 - 13*q + 100. Calculate l(-19).
-14
Let u(h) = 2*h**3 - 7*h**2 + 3*h + 2. Give u(3).
2
Let i(a) = a**3 + 6*a**2 - 4*a - 2. Give i(-3).
37
Let n(u) = -u**2 - 24*u - 26. Determine n(-23).
-3
Let h(v) = -2*v**2 - v + 1. Give h(1).
-2
Let j(s) = -s**3 + 6*s**2 - 6. Give j(5).
19
Let u(j) = -j**2 - 25*j - 80. Give u(-21).
4
Let a(i) = -i + 3. Give a(-4).
7
Let h(o) = o + 11. Determine h(-4).
7
Let n(x) = 28*x + 117. Determine n(-6).
-51
Let s(r) = r**3 - 11*r**2 + 2*r + 9. What is s(11)?
31
Let u(o) = -42*o**3 - 2*o**2 - 3*o + 3. Calculate u(1).
-44
Let n(p) = -2*p + 26. Give n(11).
4
Let v(d) = -d**2 + 16*d - 31. Give v(14).
-3
Let b(j) = -10*j**2 + 2*j + 1. Determine b(-1).
-11
L